p.
49
Let d = -4079 - -4183. What is the highest common factor of d and 143?
13
Suppose -n - 2*x - 310 = 2*x, 5*n - 5*x + 1425 = 0. Let y be (n/15)/((-2)/3). Let i = y + -24. What is the greatest common divisor of 1 and i?
1
Let u = 583 + -553. Calculate the greatest common divisor of u and 540.
30
Suppose -169 - 743 = -12*a. Let r = 353 + -258. What is the greatest common divisor of a and r?
19
Suppose 86*l - 88*l - h = -281, -701 = -5*l - h. Let g be (3 - 1) + -1*17. Let j = l + g. Calculate the highest common divisor of 25 and j.
25
Suppose 4*v + 0*v + 2*q + 1698 = 0, -3*q = 9. Let k = -198 - v. Let u(y) = 14*y - 3. Let c be u(2). What is the highest common factor of c and k?
25
Let p(v) = -8*v - 16. Let k be 2*2*22*(-6)/48. Let i be p(k). Let j be 1 + 1 - 1 - -179. What is the highest common factor of j and i?
36
Let a(w) = 3*w**3 + w**2 + 2*w. Let i be a(2). Suppose 0 = u + 3*d - 5, -5*u - 2*d - 549 = -691. What is the greatest common divisor of i and u?
32
Let r = 684 + -429. Let i = 430 - r. What is the highest common factor of i and 7?
7
Suppose 0 = 2*z + 494 - 1038. Let i = z - 218. What is the greatest common factor of 144 and i?
18
Let h = 242 - 92. Let x be ((-35)/49)/(4/(-28)). Suppose -14*p = -x*p - 135. Calculate the greatest common factor of p and h.
15
Let u be (-6771)/(-21) - (-24)/42. Let h be u - (-3 - -3 - -4). What is the highest common divisor of h and 29?
29
Let l(v) = v**3 + 5*v**2 - 44*v - 207. Let t be l(-6). What is the greatest common divisor of t and 959?
7
Let l be 3 + (102/153 - 398/(-6)). Calculate the greatest common factor of 112 and l.
14
Suppose -2*o = 4*z - 1036, 11*z - 12*z = -4*o + 2081. Calculate the greatest common divisor of 70 and o.
10
Let t = 2837 + -1477. What is the greatest common factor of t and 51?
17
Let p(y) = y**3 - 35*y**2 - 4*y + 155. Let a be p(35). What is the highest common divisor of 320 and a?
5
Suppose 6 - 90 = 7*f. Let g be (-6 - f)/(2/(104/2)). What is the highest common divisor of 104 and g?
52
Let o(w) = 4*w + 88. Let s be o(16). Let r = 159 - s. Let q = -14 + 42. Calculate the greatest common factor of r and q.
7
Let d(g) = 4*g**3 - 13*g**2 - 17*g. Let j be d(5). Let w be (6/(-7))/((-3)/252). Suppose 2*v + 12 = w. What is the greatest common divisor of j and v?
30
Suppose 0 = -5*q - 2*m + 390, -12*q - 5*m = -14*q + 185. What is the greatest common factor of 32 and q?
16
Let a(f) = -260*f + 1354. Let i be a(5). Calculate the greatest common factor of 2 and i.
2
Suppose -24 = 3*k - 30. Suppose -2*d + 3*h = -5, k*d + 2*h = -0*h + 30. Suppose 12 = 14*n - d*n. Calculate the greatest common divisor of 33 and n.
3
Let k(u) = 18*u**2 + 3*u - 17. Let i be k(-4). Let o = i - 253. Calculate the highest common factor of o and 16.
2
Let k(r) = -30*r + 8. Let s(m) = 31*m**2 - 3*m - 2. Let n be s(-1). Let g = n - 34. Let l be k(g). What is the highest common factor of l and 17?
17
Suppose 0 = -8491*z + 8516*z - 420900. Calculate the highest common factor of 552 and z.
276
Let k = -34 + 40. Suppose -4*w + 23 - 11 = 0. Let t be (-555)/(-45) + 4/k - w. Calculate the greatest common divisor of t and 10.
10
Let o be -4 - (-252 - (5 - 0)). Suppose 4*m = 9*g - 14*g + 97, 0 = -5*g + 5. What is the greatest common divisor of o and m?
23
Let z = 2981 + -2945. What is the greatest common divisor of z and 846?
18
Let f = -2445 - -2446. What is the highest common divisor of 17 and f?
1
Let j be 96 + (-1 - ((-246)/63 - 42/441)). What is the greatest common factor of j and 1584?
99
Suppose -c - 21 = 4*t - 593, 9*t + 4*c - 1287 = 0. Calculate the highest common factor of 121 and t.
11
Suppose -16 = -q - 6. Let n be (q/4)/5*144. Suppose h + 58 = -3*t + 77, 3*t - 49 = 5*h. Calculate the greatest common divisor of n and t.
8
Let s(u) = -u + 16. Let v be s(7). Suppose -32 - 31 = -v*a. Calculate the highest common factor of a and 2.
1
Let d be (-2)/4*14 - -15. Let r = -83 - -95. Calculate the greatest common divisor of d and r.
4
Suppose -36*c + 10356 = -21210 - 2130. What is the greatest common factor of 54 and c?
18
Let y = -141 - -165. Suppose 27*j - y*j - 216 = 0. What is the highest common divisor of 45 and j?
9
Let w = -253 + 246. Let o be (23 - 3)*-4*w. What is the greatest common factor of 70 and o?
70
Let p = 10103 + -2028. Calculate the greatest common factor of p and 25.
25
Let z(q) = -q**3 + 34*q**2 + q - 3. Let p be z(34). Let s(x) = -3*x + 217. Let d be s(0). Calculate the highest common divisor of p and d.
31
Suppose 2640 = p - 3*b, 102*p - 104*p + 4*b = -5276. What is the greatest common divisor of 6 and p?
6
Let g = -52 - -53. Suppose -3*z + 10 = g. Let s be (8*z/30)/((-6)/(-675)). What is the greatest common divisor of s and 36?
18
Suppose -4*y - 3*y = 70. Let h be (4 + 56/(-20))/((-3)/y). Suppose -55 - 17 = -h*s - 2*a, -2*s + 4*a = -26. Calculate the greatest common divisor of 136 and s.
17
Let h = -6255 - -7498. Calculate the highest common divisor of h and 11.
11
Let i = -428 + 464. What is the highest common factor of i and 378?
18
Suppose -22*k - 4*j - 14 = -27*k, 3*k + 3*j = 30. Suppose 2*z - 14 = k. What is the greatest common divisor of z and 290?
10
Suppose 1160 = 100*g + 45*g. Suppose 12 = 3*x - 0. Suppose 3*a = x*j - 346, -2*j - 3*a + 4*a = -174. What is the greatest common factor of j and g?
8
Let x = -381 - -1099. Suppose -162 = -5*t + x. Calculate the greatest common divisor of t and 16.
16
Let q(h) = -4*h**2 + 92*h + 177. Let l be q(24). What is the highest common factor of l and 99?
9
Suppose 4*k + 0 = 2*z - 6, 0 = -5*z - 3*k - 11. Let w be (z/2)/(1/2). Let g(h) = -261*h + 3. Let t be g(w). Calculate the greatest common factor of t and 24.
24
Suppose 4*l + 0*l - 476 = 0. Let z = -8081 + 8095. What is the highest common divisor of z and l?
7
Suppose -632*r - 3840 = -644*r. What is the greatest common factor of r and 2080?
160
Suppose -104*j + 1224 = -70*j. Let h = -11 - -23. What is the highest common factor of h and j?
12
Suppose 38 = 14*v - 452. Let w = 393 + -661. Let r = 513 + w. Calculate the highest common divisor of v and r.
35
Let h be 8722/21 + (4 - 40/12). What is the greatest common factor of h and 80?
16
Let a = -68 + 110. Suppose 38*m = a*m - 80. What is the highest common divisor of 220 and m?
20
Suppose -y - 2*y + 15 = 0. Let h = 452 - 442. Suppose -5*q + 5*m = -107 - 193, -2*m = h. What is the highest common divisor of y and q?
5
Suppose -2*a = -3*p - 43, 0 = 3*a + 2*p - 5*p - 60. Suppose 0 = -4*f + 2*y + 200, 3*y + 92 = 2*f - 2*y. Calculate the highest common divisor of f and a.
17
Let j = -2575 + 2735. Suppose -m - 3 = -67. What is the highest common factor of m and j?
32
Suppose 0 = -10575*z + 10573*z + 500. Calculate the highest common factor of 190 and z.
10
Let i(r) = -3*r**3 - 4*r**2 - 3*r - 3. Let c be i(-3). Suppose -738 = 4*t + 14*t. Let u = c + t. Calculate the greatest common factor of u and 80.
10
Suppose -5*x = 4*v - 0*v - 235, 2*x - 178 = -3*v. Let d be 65208/(-323) - 4/34. Let r = d + 214. What is the greatest common divisor of v and r?
12
Let c = 6117 + -6089. What is the highest common factor of c and 5362?
14
Suppose -25 = 383*y - 385*y + q, 2*y - 4*q = 16. What is the highest common factor of y and 19390?
14
Let t = 39 + -25. Suppose t*l + 5696 = 18*l. Suppose l = 9*c + 533. Calculate the highest common divisor of 11 and c.
11
Let g(x) = 786*x + 11. Let l be g(7). Suppose 6*m - l = 3883. What is the greatest common factor of m and 58?
58
Suppose 0 = -4*l - 4 - 108. Suppose -143 = -5*i + 72. Let r = i + l. Calculate the greatest common factor of 120 and r.
15
Let t(u) = -u**2 - u. Let p(h) = 2*h**3 - 2*h**2 - 4*h. Let d(v) = p(v) - 3*t(v). Let c be d(3). Calculate the highest common divisor of 15 and c.
15
Let u be ((-51)/(-17))/(15/24320). Calculate the highest common divisor of u and 19.
19
Suppose 29*r - 1965 = 163306. Calculate the highest common divisor of r and 417.
139
Let h be 1738/99 - 12/(-27). Suppose h*l - 832 = 5*l. Calculate the greatest common factor of 4 and l.
4
Suppose -12452*s + 6162 = -12373*s. Calculate the greatest common factor of 22542 and s.
78
Suppose -1468 = -5*f - 2*u - 2*u, -3*f - 4*u = -876. Suppose 884 = 3*j + t - 0*t, t - f = -j. Let n = j + -162. Calculate the highest common factor of n and 12.
12
Suppose 0 =